{"id":14,"date":"2024-03-20T01:09:09","date_gmt":"2024-03-20T04:09:09","guid":{"rendered":"https:\/\/embarquecomeconomia.com.br\/index.php\/elementor-9\/"},"modified":"2024-03-20T01:09:41","modified_gmt":"2024-03-20T04:09:41","slug":"elementor-9","status":"publish","type":"page","link":"https:\/\/embarquecomeconomia.com.br\/","title":{"rendered":"Elementor #9"},"content":{"rendered":"\t\t<div data-elementor-type=\"wp-page\" data-elementor-id=\"14\" class=\"elementor elementor-14\" data-elementor-post-type=\"page\">\n\t\t\t\t\t\t<section class=\"elementor-section elementor-top-section elementor-element elementor-element-43f6e80d elementor-section-boxed elementor-section-height-default elementor-section-height-default\" data-id=\"43f6e80d\" data-element_type=\"section\" data-settings=\"{&quot;background_background&quot;:&quot;classic&quot;}\">\n\t\t\t\t\t\t<div class=\"elementor-container elementor-column-gap-default\">\n\t\t\t\t\t<div class=\"elementor-column elementor-col-100 elementor-top-column elementor-element elementor-element-1adf029a\" data-id=\"1adf029a\" data-element_type=\"column\">\n\t\t\t<div class=\"elementor-widget-wrap elementor-element-populated\">\n\t\t\t\t\t\t<section class=\"elementor-section elementor-inner-section elementor-element elementor-element-1330c9df elementor-section-boxed elementor-section-height-default elementor-section-height-default\" data-id=\"1330c9df\" data-element_type=\"section\">\n\t\t\t\t\t\t<div class=\"elementor-container elementor-column-gap-default\">\n\t\t\t\t\t<div class=\"elementor-column elementor-col-50 elementor-inner-column elementor-element elementor-element-328a1902\" data-id=\"328a1902\" data-element_type=\"column\">\n\t\t\t<div class=\"elementor-widget-wrap elementor-element-populated\">\n\t\t\t\t\t\t<div class=\"elementor-element elementor-element-70f27365 animated-fast elementor-invisible elementor-widget elementor-widget-image\" data-id=\"70f27365\" data-element_type=\"widget\" data-settings=\"{&quot;_animation&quot;:&quot;zoomIn&quot;}\" data-widget_type=\"image.default\">\n\t\t\t\t<div class=\"elementor-widget-container\">\n\t\t\t<style>\/*! elementor - v3.20.0 - 13-03-2024 *\/\n.elementor-widget-image{text-align:center}.elementor-widget-image a{display:inline-block}.elementor-widget-image a img[src$=\".svg\"]{width:48px}.elementor-widget-image img{vertical-align:middle;display:inline-block}<\/style>\t\t\t\t\t\t\t\t\t\t<img fetchpriority=\"high\" decoding=\"async\" width=\"300\" height=\"246\" src=\"https:\/\/embarquecomeconomia.com.br\/wp-content\/uploads\/2024\/03\/logoverd-300x246.png\" class=\"elementor-animation-grow attachment-medium size-medium wp-image-15\" alt=\"\" srcset=\"https:\/\/embarquecomeconomia.com.br\/wp-content\/uploads\/2024\/03\/logoverd-300x246.png 300w, https:\/\/embarquecomeconomia.com.br\/wp-content\/uploads\/2024\/03\/logoverd.png 310w\" sizes=\"(max-width: 300px) 100vw, 300px\" \/>\t\t\t\t\t\t\t\t\t\t\t\t\t<\/div>\n\t\t\t\t<\/div>\n\t\t\t\t<div class=\"elementor-element elementor-element-6ed59f6f animated-fast elementor-invisible elementor-widget elementor-widget-heading\" data-id=\"6ed59f6f\" data-element_type=\"widget\" data-settings=\"{&quot;_animation&quot;:&quot;lightSpeedIn&quot;}\" data-widget_type=\"heading.default\">\n\t\t\t\t<div class=\"elementor-widget-container\">\n\t\t\t<style>\/*! elementor - v3.20.0 - 13-03-2024 *\/\n.elementor-heading-title{padding:0;margin:0;line-height:1}.elementor-widget-heading .elementor-heading-title[class*=elementor-size-]>a{color:inherit;font-size:inherit;line-height:inherit}.elementor-widget-heading .elementor-heading-title.elementor-size-small{font-size:15px}.elementor-widget-heading .elementor-heading-title.elementor-size-medium{font-size:19px}.elementor-widget-heading .elementor-heading-title.elementor-size-large{font-size:29px}.elementor-widget-heading .elementor-heading-title.elementor-size-xl{font-size:39px}.elementor-widget-heading .elementor-heading-title.elementor-size-xxl{font-size:59px}<\/style><h1 class=\"elementor-heading-title elementor-size-default\">Receba diariamente as Melhores ofertas de Passagens A\u00e9reas no nosso Grupo Gratuito<br><\/h1>\t\t<\/div>\n\t\t\t\t<\/div>\n\t\t\t\t<div class=\"elementor-element elementor-element-6abc312d elementor-align-left elementor-widget elementor-widget-button\" data-id=\"6abc312d\" data-element_type=\"widget\" data-widget_type=\"button.default\">\n\t\t\t\t<div class=\"elementor-widget-container\">\n\t\t\t\t\t<div class=\"elementor-button-wrapper\">\n\t\t\t<a class=\"elementor-button elementor-button-link elementor-size-xl\" href=\"https:\/\/chat.whatsapp.com\/I4Sil4slvDj32hYmdrEg2S\">\n\t\t\t\t\t\t<span class=\"elementor-button-content-wrapper\">\n\t\t\t\t\t\t<span class=\"elementor-button-text\">ENTRE PARA O NOSSO GRUPO GRATUITO<\/span>\n\t\t<\/span>\n\t\t\t\t\t<\/a>\n\t\t<\/div>\n\t\t\t\t<\/div>\n\t\t\t\t<\/div>\n\t\t\t\t\t<\/div>\n\t\t<\/div>\n\t\t\t\t<div class=\"elementor-column elementor-col-50 elementor-inner-column elementor-element elementor-element-30e46e1c\" data-id=\"30e46e1c\" data-element_type=\"column\">\n\t\t\t<div class=\"elementor-widget-wrap elementor-element-populated\">\n\t\t\t\t\t\t<div class=\"elementor-element elementor-element-65203d05 elementor-widget elementor-widget-image\" data-id=\"65203d05\" data-element_type=\"widget\" data-widget_type=\"image.default\">\n\t\t\t\t<div class=\"elementor-widget-container\">\n\t\t\t\t\t\t\t\t\t\t\t\t\t<img decoding=\"async\" width=\"728\" height=\"1024\" src=\"https:\/\/embarquecomeconomia.com.br\/wp-content\/uploads\/2024\/03\/Design-sem-nome-33-728x1024.png\" class=\"attachment-large size-large wp-image-16\" alt=\"\" srcset=\"https:\/\/embarquecomeconomia.com.br\/wp-content\/uploads\/2024\/03\/Design-sem-nome-33-728x1024.png 728w, https:\/\/embarquecomeconomia.com.br\/wp-content\/uploads\/2024\/03\/Design-sem-nome-33-213x300.png 213w, https:\/\/embarquecomeconomia.com.br\/wp-content\/uploads\/2024\/03\/Design-sem-nome-33-768x1081.png 768w, https:\/\/embarquecomeconomia.com.br\/wp-content\/uploads\/2024\/03\/Design-sem-nome-33.png 1080w\" sizes=\"(max-width: 728px) 100vw, 728px\" \/>\t\t\t\t\t\t\t\t\t\t\t\t\t<\/div>\n\t\t\t\t<\/div>\n\t\t\t\t\t<\/div>\n\t\t<\/div>\n\t\t\t\t\t<\/div>\n\t\t<\/section>\n\t\t\t\t\t<\/div>\n\t\t<\/div>\n\t\t\t\t\t<\/div>\n\t\t<\/section>\n\t\t\t\t<section class=\"elementor-section elementor-top-section elementor-element elementor-element-187338a3 elementor-section-boxed elementor-section-height-default elementor-section-height-default\" data-id=\"187338a3\" data-element_type=\"section\" data-settings=\"{&quot;background_background&quot;:&quot;classic&quot;}\">\n\t\t\t\t\t\t<div class=\"elementor-container elementor-column-gap-default\">\n\t\t\t\t\t<div class=\"elementor-column elementor-col-100 elementor-top-column elementor-element elementor-element-6804c46b\" data-id=\"6804c46b\" data-element_type=\"column\">\n\t\t\t<div class=\"elementor-widget-wrap elementor-element-populated\">\n\t\t\t\t\t\t<div class=\"elementor-element elementor-element-2832b18d elementor-widget elementor-widget-heading\" data-id=\"2832b18d\" data-element_type=\"widget\" data-widget_type=\"heading.default\">\n\t\t\t\t<div class=\"elementor-widget-container\">\n\t\t\t<h2 class=\"elementor-heading-title elementor-size-default\"><span style=\"font-family: Nunito, sans-serif; font-size: 44px; font-weight: 800; text-align: start; white-space-collapse: collapse; color: rgb(190, 247, 79);\">Como funciona o Grupo<\/span><\/h2>\t\t<\/div>\n\t\t\t\t<\/div>\n\t\t\t\t<div class=\"elementor-element elementor-element-657bb97f elementor-widget elementor-widget-heading\" data-id=\"657bb97f\" data-element_type=\"widget\" data-widget_type=\"heading.default\">\n\t\t\t\t<div class=\"elementor-widget-container\">\n\t\t\t<h2 class=\"elementor-heading-title elementor-size-default\">EMBARQUE COM ECONOMIA<\/h2>\t\t<\/div>\n\t\t\t\t<\/div>\n\t\t\t\t<section class=\"elementor-section elementor-inner-section elementor-element elementor-element-146ec3b8 elementor-section-boxed elementor-section-height-default elementor-section-height-default\" data-id=\"146ec3b8\" data-element_type=\"section\">\n\t\t\t\t\t\t<div class=\"elementor-container elementor-column-gap-default\">\n\t\t\t\t\t<div class=\"elementor-column elementor-col-50 elementor-inner-column elementor-element elementor-element-7c7170df\" data-id=\"7c7170df\" data-element_type=\"column\">\n\t\t\t<div class=\"elementor-widget-wrap elementor-element-populated\">\n\t\t\t\t\t\t<div class=\"elementor-element elementor-element-2386752b elementor-widget elementor-widget-text-editor\" data-id=\"2386752b\" data-element_type=\"widget\" data-widget_type=\"text-editor.default\">\n\t\t\t\t<div class=\"elementor-widget-container\">\n\t\t\t<style>\/*! elementor - v3.20.0 - 13-03-2024 *\/\n.elementor-widget-text-editor.elementor-drop-cap-view-stacked .elementor-drop-cap{background-color:#69727d;color:#fff}.elementor-widget-text-editor.elementor-drop-cap-view-framed .elementor-drop-cap{color:#69727d;border:3px solid;background-color:transparent}.elementor-widget-text-editor:not(.elementor-drop-cap-view-default) .elementor-drop-cap{margin-top:8px}.elementor-widget-text-editor:not(.elementor-drop-cap-view-default) .elementor-drop-cap-letter{width:1em;height:1em}.elementor-widget-text-editor .elementor-drop-cap{float:left;text-align:center;line-height:1;font-size:50px}.elementor-widget-text-editor .elementor-drop-cap-letter{display:inline-block}<\/style>\t\t\t\t<p><span style=\"font-size: 16.8px;\">Procurando uma maneira econ\u00f4mica de viajar? Deseja aproveitar as melhores ofertas de passagens a\u00e9reas diretamente com as companhias, de forma totalmente segura?\u00a0<\/span><\/p><p><em><strong><span style=\"font-family: var( --e-global-typography-text-font-family ), Sans-serif;\">Ent\u00e3o, junte-se ao GRUPO &#8211; EMBARQUE COM ECONOMIA!\u00a0<\/span><\/strong><\/em><\/p><p><span style=\"font-family: var( --e-global-typography-text-font-family ), Sans-serif; font-weight: var( --e-global-typography-text-font-weight );\">Neste grupo, compartilhamos diariamente as OPORTUNIDADES IMPERD\u00cdVEIS de emiss\u00f5es de passagens a\u00e9reas para os destinos dos seus sonhos. Algumas delas chegam a ter descontos de at\u00e9 90% em rela\u00e7\u00e3o aos pre\u00e7os normais.<\/span><\/p>\t\t\t\t\t\t<\/div>\n\t\t\t\t<\/div>\n\t\t\t\t\t<\/div>\n\t\t<\/div>\n\t\t\t\t<div class=\"elementor-column elementor-col-50 elementor-inner-column elementor-element elementor-element-576bea19\" data-id=\"576bea19\" data-element_type=\"column\">\n\t\t\t<div class=\"elementor-widget-wrap elementor-element-populated\">\n\t\t\t\t\t\t<div class=\"elementor-element elementor-element-65c0747e animated-fast e-transform e-transform elementor-invisible elementor-widget elementor-widget-image\" data-id=\"65c0747e\" data-element_type=\"widget\" data-settings=\"{&quot;_animation&quot;:&quot;zoomIn&quot;,&quot;_transform_translateX_effect_mobile&quot;:{&quot;unit&quot;:&quot;px&quot;,&quot;size&quot;:19,&quot;sizes&quot;:[]},&quot;_transform_translateY_effect_mobile&quot;:{&quot;unit&quot;:&quot;px&quot;,&quot;size&quot;:44,&quot;sizes&quot;:[]},&quot;_transform_scale_effect_mobile&quot;:{&quot;unit&quot;:&quot;px&quot;,&quot;size&quot;:1.1,&quot;sizes&quot;:[]},&quot;_transform_translateX_effect&quot;:{&quot;unit&quot;:&quot;px&quot;,&quot;size&quot;:-24,&quot;sizes&quot;:[]},&quot;_transform_translateY_effect&quot;:{&quot;unit&quot;:&quot;px&quot;,&quot;size&quot;:4,&quot;sizes&quot;:[]},&quot;_transform_scale_effect&quot;:{&quot;unit&quot;:&quot;px&quot;,&quot;size&quot;:1.2,&quot;sizes&quot;:[]},&quot;_transform_translateX_effect_tablet&quot;:{&quot;unit&quot;:&quot;px&quot;,&quot;size&quot;:&quot;&quot;,&quot;sizes&quot;:[]},&quot;_transform_translateY_effect_tablet&quot;:{&quot;unit&quot;:&quot;px&quot;,&quot;size&quot;:&quot;&quot;,&quot;sizes&quot;:[]},&quot;_transform_scale_effect_tablet&quot;:{&quot;unit&quot;:&quot;px&quot;,&quot;size&quot;:&quot;&quot;,&quot;sizes&quot;:[]}}\" data-widget_type=\"image.default\">\n\t\t\t\t<div class=\"elementor-widget-container\">\n\t\t\t\t\t\t\t\t\t\t\t\t\t<img decoding=\"async\" src=\"https:\/\/embarquecomeconomia.com.br\/wp-content\/uploads\/2024\/03\/img-milhas01.webp\" title=\"img-milhas01.webp\" alt=\"img-milhas01.webp\" class=\"elementor-animation-grow\" loading=\"lazy\" \/>\t\t\t\t\t\t\t\t\t\t\t\t\t<\/div>\n\t\t\t\t<\/div>\n\t\t\t\t\t<\/div>\n\t\t<\/div>\n\t\t\t\t\t<\/div>\n\t\t<\/section>\n\t\t\t\t\t<\/div>\n\t\t<\/div>\n\t\t\t\t\t<\/div>\n\t\t<\/section>\n\t\t\t\t<section class=\"elementor-section elementor-top-section elementor-element elementor-element-8b908c4 elementor-section-boxed elementor-section-height-default elementor-section-height-default\" data-id=\"8b908c4\" data-element_type=\"section\" data-settings=\"{&quot;background_background&quot;:&quot;classic&quot;}\">\n\t\t\t\t\t\t<div class=\"elementor-container elementor-column-gap-default\">\n\t\t\t\t\t<div class=\"elementor-column elementor-col-100 elementor-top-column elementor-element elementor-element-5379fab2\" data-id=\"5379fab2\" data-element_type=\"column\">\n\t\t\t<div class=\"elementor-widget-wrap elementor-element-populated\">\n\t\t\t\t\t\t<div class=\"elementor-element elementor-element-3ca8013b elementor-widget elementor-widget-heading\" data-id=\"3ca8013b\" data-element_type=\"widget\" data-widget_type=\"heading.default\">\n\t\t\t\t<div class=\"elementor-widget-container\">\n\t\t\t<h6 class=\"elementor-heading-title elementor-size-default\"><span style=\"font-size: 30.04px;\">Exemplo de emiss\u00f5es que n\u00f3s j\u00e1 enviamos:<\/span><\/h6>\t\t<\/div>\n\t\t\t\t<\/div>\n\t\t\t\t<section class=\"elementor-section elementor-inner-section elementor-element elementor-element-300dfc45 elementor-section-boxed elementor-section-height-default elementor-section-height-default\" data-id=\"300dfc45\" data-element_type=\"section\">\n\t\t\t\t\t\t<div class=\"elementor-container elementor-column-gap-default\">\n\t\t\t\t\t<div class=\"elementor-column elementor-col-25 elementor-inner-column elementor-element elementor-element-3ac72b47\" data-id=\"3ac72b47\" data-element_type=\"column\">\n\t\t\t<div class=\"elementor-widget-wrap elementor-element-populated\">\n\t\t\t\t\t\t<div class=\"elementor-element elementor-element-1aae3cd elementor-widget elementor-widget-image\" data-id=\"1aae3cd\" data-element_type=\"widget\" data-widget_type=\"image.default\">\n\t\t\t\t<div class=\"elementor-widget-container\">\n\t\t\t\t\t\t\t\t\t\t\t\t\t<img decoding=\"async\" width=\"576\" height=\"1024\" src=\"https:\/\/embarquecomeconomia.com.br\/wp-content\/uploads\/2024\/03\/vip4-576x1024.jpeg\" class=\"attachment-large size-large wp-image-19\" alt=\"\" srcset=\"https:\/\/embarquecomeconomia.com.br\/wp-content\/uploads\/2024\/03\/vip4-576x1024.jpeg 576w, https:\/\/embarquecomeconomia.com.br\/wp-content\/uploads\/2024\/03\/vip4-169x300.jpeg 169w, https:\/\/embarquecomeconomia.com.br\/wp-content\/uploads\/2024\/03\/vip4-768x1365.jpeg 768w, https:\/\/embarquecomeconomia.com.br\/wp-content\/uploads\/2024\/03\/vip4-864x1536.jpeg 864w, https:\/\/embarquecomeconomia.com.br\/wp-content\/uploads\/2024\/03\/vip4-1152x2048.jpeg 1152w, https:\/\/embarquecomeconomia.com.br\/wp-content\/uploads\/2024\/03\/vip4.jpeg 1284w\" sizes=\"(max-width: 576px) 100vw, 576px\" \/>\t\t\t\t\t\t\t\t\t\t\t\t\t<\/div>\n\t\t\t\t<\/div>\n\t\t\t\t\t<\/div>\n\t\t<\/div>\n\t\t\t\t<div class=\"elementor-column elementor-col-25 elementor-inner-column elementor-element elementor-element-6d7a5511\" data-id=\"6d7a5511\" data-element_type=\"column\">\n\t\t\t<div class=\"elementor-widget-wrap elementor-element-populated\">\n\t\t\t\t\t\t<div class=\"elementor-element elementor-element-5f864188 elementor-widget elementor-widget-image\" data-id=\"5f864188\" data-element_type=\"widget\" data-widget_type=\"image.default\">\n\t\t\t\t<div class=\"elementor-widget-container\">\n\t\t\t\t\t\t\t\t\t\t\t\t\t<img loading=\"lazy\" decoding=\"async\" width=\"576\" height=\"1024\" src=\"https:\/\/embarquecomeconomia.com.br\/wp-content\/uploads\/2024\/03\/vip3-576x1024.jpeg\" class=\"attachment-large size-large wp-image-20\" alt=\"\" srcset=\"https:\/\/embarquecomeconomia.com.br\/wp-content\/uploads\/2024\/03\/vip3-576x1024.jpeg 576w, https:\/\/embarquecomeconomia.com.br\/wp-content\/uploads\/2024\/03\/vip3-169x300.jpeg 169w, https:\/\/embarquecomeconomia.com.br\/wp-content\/uploads\/2024\/03\/vip3-768x1365.jpeg 768w, https:\/\/embarquecomeconomia.com.br\/wp-content\/uploads\/2024\/03\/vip3-864x1536.jpeg 864w, https:\/\/embarquecomeconomia.com.br\/wp-content\/uploads\/2024\/03\/vip3-1152x2048.jpeg 1152w, https:\/\/embarquecomeconomia.com.br\/wp-content\/uploads\/2024\/03\/vip3.jpeg 1284w\" sizes=\"(max-width: 576px) 100vw, 576px\" \/>\t\t\t\t\t\t\t\t\t\t\t\t\t<\/div>\n\t\t\t\t<\/div>\n\t\t\t\t\t<\/div>\n\t\t<\/div>\n\t\t\t\t<div class=\"elementor-column elementor-col-25 elementor-inner-column elementor-element elementor-element-3d6eea42\" data-id=\"3d6eea42\" data-element_type=\"column\">\n\t\t\t<div class=\"elementor-widget-wrap elementor-element-populated\">\n\t\t\t\t\t\t<div class=\"elementor-element elementor-element-1c3307cd elementor-widget elementor-widget-image\" data-id=\"1c3307cd\" data-element_type=\"widget\" data-widget_type=\"image.default\">\n\t\t\t\t<div class=\"elementor-widget-container\">\n\t\t\t\t\t\t\t\t\t\t\t\t\t<img loading=\"lazy\" decoding=\"async\" width=\"576\" height=\"1024\" src=\"https:\/\/embarquecomeconomia.com.br\/wp-content\/uploads\/2024\/03\/vip2-576x1024.jpeg\" class=\"attachment-large size-large wp-image-21\" alt=\"\" srcset=\"https:\/\/embarquecomeconomia.com.br\/wp-content\/uploads\/2024\/03\/vip2-576x1024.jpeg 576w, https:\/\/embarquecomeconomia.com.br\/wp-content\/uploads\/2024\/03\/vip2-169x300.jpeg 169w, https:\/\/embarquecomeconomia.com.br\/wp-content\/uploads\/2024\/03\/vip2-768x1365.jpeg 768w, https:\/\/embarquecomeconomia.com.br\/wp-content\/uploads\/2024\/03\/vip2-864x1536.jpeg 864w, https:\/\/embarquecomeconomia.com.br\/wp-content\/uploads\/2024\/03\/vip2-1152x2048.jpeg 1152w, https:\/\/embarquecomeconomia.com.br\/wp-content\/uploads\/2024\/03\/vip2.jpeg 1284w\" sizes=\"(max-width: 576px) 100vw, 576px\" \/>\t\t\t\t\t\t\t\t\t\t\t\t\t<\/div>\n\t\t\t\t<\/div>\n\t\t\t\t\t<\/div>\n\t\t<\/div>\n\t\t\t\t<div class=\"elementor-column elementor-col-25 elementor-inner-column elementor-element elementor-element-775383ac\" data-id=\"775383ac\" data-element_type=\"column\">\n\t\t\t<div class=\"elementor-widget-wrap elementor-element-populated\">\n\t\t\t\t\t\t<div class=\"elementor-element elementor-element-6c4f23d4 elementor-widget elementor-widget-image\" data-id=\"6c4f23d4\" data-element_type=\"widget\" data-widget_type=\"image.default\">\n\t\t\t\t<div class=\"elementor-widget-container\">\n\t\t\t\t\t\t\t\t\t\t\t\t\t<img loading=\"lazy\" decoding=\"async\" width=\"576\" height=\"1024\" src=\"https:\/\/embarquecomeconomia.com.br\/wp-content\/uploads\/2024\/03\/vip1-576x1024.jpeg\" class=\"attachment-large size-large wp-image-22\" alt=\"\" srcset=\"https:\/\/embarquecomeconomia.com.br\/wp-content\/uploads\/2024\/03\/vip1-576x1024.jpeg 576w, https:\/\/embarquecomeconomia.com.br\/wp-content\/uploads\/2024\/03\/vip1-169x300.jpeg 169w, https:\/\/embarquecomeconomia.com.br\/wp-content\/uploads\/2024\/03\/vip1-768x1365.jpeg 768w, https:\/\/embarquecomeconomia.com.br\/wp-content\/uploads\/2024\/03\/vip1-864x1536.jpeg 864w, https:\/\/embarquecomeconomia.com.br\/wp-content\/uploads\/2024\/03\/vip1-1152x2048.jpeg 1152w, https:\/\/embarquecomeconomia.com.br\/wp-content\/uploads\/2024\/03\/vip1.jpeg 1284w\" sizes=\"(max-width: 576px) 100vw, 576px\" \/>\t\t\t\t\t\t\t\t\t\t\t\t\t<\/div>\n\t\t\t\t<\/div>\n\t\t\t\t\t<\/div>\n\t\t<\/div>\n\t\t\t\t\t<\/div>\n\t\t<\/section>\n\t\t\t\t<div class=\"elementor-element elementor-element-462b2948 elementor-widget elementor-widget-heading\" data-id=\"462b2948\" data-element_type=\"widget\" data-widget_type=\"heading.default\">\n\t\t\t\t<div class=\"elementor-widget-container\">\n\t\t\t<h2 class=\"elementor-heading-title elementor-size-default\">Ao receber o alerta, simplesmente acesse o site da companhia e efetue a compra com total seguran\u00e7a.\n<\/h2>\t\t<\/div>\n\t\t\t\t<\/div>\n\t\t\t\t<div class=\"elementor-element elementor-element-3d61f51b elementor-align-center elementor-mobile-align-center elementor-widget elementor-widget-button\" data-id=\"3d61f51b\" data-element_type=\"widget\" data-widget_type=\"button.default\">\n\t\t\t\t<div class=\"elementor-widget-container\">\n\t\t\t\t\t<div class=\"elementor-button-wrapper\">\n\t\t\t<a class=\"elementor-button elementor-button-link elementor-size-xl\" href=\"https:\/\/chat.whatsapp.com\/I4Sil4slvDj32hYmdrEg2S\">\n\t\t\t\t\t\t<span class=\"elementor-button-content-wrapper\">\n\t\t\t\t\t\t<span class=\"elementor-button-text\">ENTRE PARA O NOSSO GRUPO GRATUITO<\/span>\n\t\t<\/span>\n\t\t\t\t\t<\/a>\n\t\t<\/div>\n\t\t\t\t<\/div>\n\t\t\t\t<\/div>\n\t\t\t\t\t<\/div>\n\t\t<\/div>\n\t\t\t\t\t<\/div>\n\t\t<\/section>\n\t\t\t\t<section class=\"elementor-section elementor-top-section elementor-element elementor-element-69e9a358 elementor-section-boxed elementor-section-height-default elementor-section-height-default\" data-id=\"69e9a358\" data-element_type=\"section\" data-settings=\"{&quot;background_background&quot;:&quot;classic&quot;}\">\n\t\t\t\t\t\t<div class=\"elementor-container elementor-column-gap-default\">\n\t\t\t\t\t<div class=\"elementor-column elementor-col-100 elementor-top-column elementor-element elementor-element-308a3016\" data-id=\"308a3016\" data-element_type=\"column\">\n\t\t\t<div class=\"elementor-widget-wrap elementor-element-populated\">\n\t\t\t\t\t\t<section class=\"elementor-section elementor-inner-section elementor-element elementor-element-58472ceb elementor-section-boxed elementor-section-height-default elementor-section-height-default\" data-id=\"58472ceb\" data-element_type=\"section\">\n\t\t\t\t\t\t<div class=\"elementor-container elementor-column-gap-default\">\n\t\t\t\t\t<div class=\"elementor-column elementor-col-100 elementor-inner-column elementor-element elementor-element-15bc777\" data-id=\"15bc777\" data-element_type=\"column\">\n\t\t\t<div class=\"elementor-widget-wrap elementor-element-populated\">\n\t\t\t\t\t\t<div class=\"elementor-element elementor-element-53afee4 animated-fast elementor-invisible elementor-widget elementor-widget-image\" data-id=\"53afee4\" data-element_type=\"widget\" data-settings=\"{&quot;_animation&quot;:&quot;zoomIn&quot;}\" data-widget_type=\"image.default\">\n\t\t\t\t<div class=\"elementor-widget-container\">\n\t\t\t\t\t\t\t\t\t\t\t\t\t<img loading=\"lazy\" decoding=\"async\" width=\"310\" height=\"254\" src=\"https:\/\/embarquecomeconomia.com.br\/wp-content\/uploads\/2024\/03\/logoverd.png\" class=\"elementor-animation-grow attachment-large size-large wp-image-15\" alt=\"\" srcset=\"https:\/\/embarquecomeconomia.com.br\/wp-content\/uploads\/2024\/03\/logoverd.png 310w, https:\/\/embarquecomeconomia.com.br\/wp-content\/uploads\/2024\/03\/logoverd-300x246.png 300w\" sizes=\"(max-width: 310px) 100vw, 310px\" \/>\t\t\t\t\t\t\t\t\t\t\t\t\t<\/div>\n\t\t\t\t<\/div>\n\t\t\t\t\t<\/div>\n\t\t<\/div>\n\t\t\t\t\t<\/div>\n\t\t<\/section>\n\t\t\t\t\t<\/div>\n\t\t<\/div>\n\t\t\t\t\t<\/div>\n\t\t<\/section>\n\t\t\t\t<\/div>\n\t\t","protected":false},"excerpt":{"rendered":"<p>Receba diariamente as Melhores ofertas de Passagens A\u00e9reas no nosso Grupo Gratuito ENTRE PARA O NOSSO GRUPO GRATUITO Como funciona o Grupo EMBARQUE COM ECONOMIA Procurando uma maneira econ\u00f4mica de viajar? Deseja aproveitar as melhores ofertas de passagens a\u00e9reas diretamente com as companhias, de forma totalmente segura?\u00a0 Ent\u00e3o, junte-se ao GRUPO &#8211; EMBARQUE COM ECONOMIA!\u00a0 [&hellip;]<\/p>\n","protected":false},"author":1,"featured_media":0,"parent":0,"menu_order":0,"comment_status":"closed","ping_status":"closed","template":"elementor_canvas","meta":{"footnotes":""},"_links":{"self":[{"href":"https:\/\/embarquecomeconomia.com.br\/index.php\/wp-json\/wp\/v2\/pages\/14"}],"collection":[{"href":"https:\/\/embarquecomeconomia.com.br\/index.php\/wp-json\/wp\/v2\/pages"}],"about":[{"href":"https:\/\/embarquecomeconomia.com.br\/index.php\/wp-json\/wp\/v2\/types\/page"}],"author":[{"embeddable":true,"href":"https:\/\/embarquecomeconomia.com.br\/index.php\/wp-json\/wp\/v2\/users\/1"}],"replies":[{"embeddable":true,"href":"https:\/\/embarquecomeconomia.com.br\/index.php\/wp-json\/wp\/v2\/comments?post=14"}],"version-history":[{"count":4,"href":"https:\/\/embarquecomeconomia.com.br\/index.php\/wp-json\/wp\/v2\/pages\/14\/revisions"}],"predecessor-version":[{"id":29,"href":"https:\/\/embarquecomeconomia.com.br\/index.php\/wp-json\/wp\/v2\/pages\/14\/revisions\/29"}],"wp:attachment":[{"href":"https:\/\/embarquecomeconomia.com.br\/index.php\/wp-json\/wp\/v2\/media?parent=14"}],"curies":[{"name":"wp","href":"https:\/\/api.w.org\/{rel}","templated":true}]}}